{"version":"1.0","provider_name":"Angyalkert","provider_url":"https:\/\/angyalkert.cafeblog.hu","author_name":"Bliss111","author_url":"https:\/\/angyalkert.cafeblog.hu\/author\/bliss111\/","title":"Sz\u00edriuszi csillagl\u00e9nyek","html":"<p><img class=\"alignleft size-medium wp-image-300\" src=\"https:\/\/angyalkert.cafeblog.hu\/files\/2014\/03\/sz\u00edriuszi-f\u00e9nyl\u00e9ny-225x300.jpg\" alt=\"sz\u00edriuszi f\u00e9nyl\u00e9ny\" width=\"225\" height=\"300\" \/>A Sz\u00edriusz k\u00f6rgy\u0171r\u0171i harmonikus, az eg\u00e9sz Univerzumban hallhat\u00f3 gy\u00f6ny\u00f6r\u0171 hangokat \u00e9s rezg\u00e9seket bocs\u00e1tanak ki. Nagyon sok m\u00e1s rendszerhez is kapcsol\u00f3dnak, de t\u00f6bbek k\u00f6z\u00f6tt a F\u00f6ldh\u00f6z is. <strong>Ezek a k\u00f6rgy\u0171r\u0171k \u00fagynevezett t\u0171zkrist\u00e1ly csoportok, amelyek spir\u00e1los f\u00e9nynyal\u00e1bokkal fon\u00f3dnak \u00f6ssze.<\/strong> Amikor a sz\u00edriuszi kommunik\u00e1ci\u00f3 aktiviz\u00e1l\u00f3dik a F\u00f6ld fel\u00e9, olyan rezg\u00e9si mint\u00e1k j\u00f6nnek l\u00e9tre, amelyek aktiviz\u00e1lj\u00e1k ezeket a k\u00f6rgy\u0171r\u0171ket, amelyek csod\u00e1latos hangokat bocs\u00e1tanak ki.<strong> Ezekben a hangrezg\u00e9sekben inform\u00e1ci\u00f3s hologramok tal\u00e1lhat\u00f3ak, amelyeken kereszt\u00fcl a sz\u00edriusziak megpr\u00f3b\u00e1lnak kommunik\u00e1lni vel\u00fcnk.<\/strong> F\u00f6ldi viszonylatban a legjobb p\u00e9lda a m\u0171holdak, t\u00e9v\u00e9k m\u0171k\u00f6d\u00e9se, ehhez hasonl\u00f3 elven m\u0171k\u00f6dik ez a kommunik\u00e1ci\u00f3s forr\u00e1s.<\/p>\r\n<p>A sz\u00edriuszon sok intelligens csillagl\u00e9ny \u00e9l, s \u0151k a kommunik\u00e1ci\u00f3 ter\u00fclet\u00e9n \"dolgoznak\". <strong>Az univerzum r\u00e1csmez\u0151it \u00e9s \"\u00fatjait\" figyelik, s ebbe a k\u00f6z\u00f6s kommunik\u00e1ci\u00f3s t\u00e9rbe igyekszenek a F\u00f6ldet is bekapcsolni.<\/strong> Ehhez gyakran k\u00fcldenek sz\u00e1munkra telepatikus \u00fczeneteket, s ez a folyamat olyan impulzusokat adnak le, amelyeket a bels\u0151 f\u00fcllel vagyunk k\u00e9pesek \u00e9rz\u00e9kelni, magas rezg\u00e9s\u0171 frekvenci\u00e1n. Tulajdonk\u00e9ppen egy hangsor, amit a bels\u0151 hall\u00e1sunk seg\u00edts\u00e9g\u00e9vel hallunk meg, \u00e9s ezt gyakran k\u00f6veti nyom\u00e1s a f\u00fclek ter\u00fclet\u00e9n.<strong> Ha nyitottak vagyunk ezekre az inform\u00e1ci\u00f3kra, akkor vagy r\u00f6gt\u00f6n az \u00e1tad\u00e1s pillanat\u00e1ban meg\u00e9rtj\u00fck ezeket, vagy pedig k\u00e9s\u0151bbi, egy megfelel\u0151 id\u0151pontban bukkan fel a tudatunkban.<\/strong> De ez nem a f\u00fclz\u00fag\u00e1s \u00e1llapota, att\u00f3l nagyon j\u00f3l el lehet k\u00fcl\u00f6n\u00edteni ezt az \u00e9rz\u00e9st.<\/p>\r\n<p><img class=\"alignright size-medium wp-image-296\" src=\"https:\/\/angyalkert.cafeblog.hu\/files\/2014\/03\/sz\u00edriusz-\u00e9rint\u00e9s-300x150.jpg\" alt=\"sz\u00edriusz \u00e9rint\u00e9s\" width=\"300\" height=\"150\" \/>A sz\u00edriuszi csillagl\u00e9nyeknek fontos a szerep\u00fck a fejl\u0151d\u00e9si folyamatok ellen\u0151rz\u00e9s\u00e9ben, \u00edgy mindent elk\u00f6vetnek, hogy kapcsolatba l\u00e9pjenek vel\u00fcnk \u00e9s seg\u00edtsenek benn\u00fcnket a fejl\u0151d\u00e9s, v\u00e1ltoz\u00e1s \u00fatj\u00e1n. <strong>Mindannyiunkhoz pr\u00f3b\u00e1lnak sz\u00f3lni, nincsenek fontosabb, vagy kev\u00e9sb\u00e9 fontos emberek a sz\u00e1mukra<\/strong>, az \u0151 szempontjukb\u00f3l mind egyenl\u0151ek vagyunk. De az el\u0151fordul, hogy n\u00e9melyek nyitottabbak r\u00e1juk, ez mind azon m\u00falik, hogy mennyire tudjuk megemelni a rezg\u00e9s\u00fcnket. S ha a h\u00e9tk\u00f6znapok sor\u00e1n tudjuk is tartani ezt az emelkedett rezg\u00e9st, \u00e9s folyamatosan f\u00f6ldelj\u00fck magunkat, akkor ezeket az inform\u00e1ci\u00f3kat k\u00f6nnyebben \u00e1t tudjuk hozni a fizikai s\u00edkra.<\/p>\r\n<p>Ha az emelkedett kommunik\u00e1ci\u00f3n szeretn\u00e9nk dolgozni, vegy\u00fck fel a kapcsolatot ezekkel a f\u00e9nyl\u00e9nyekkel, \u00e9s <strong>seg\u00edtenek minket r\u00e1hangol\u00f3dni egy olyan \u00c9gi kommunik\u00e1ci\u00f3ra, ami a f\u00e9ny t\u00e1pl\u00e1lja, ami lelkes\u00edt \u00e9s ami \u00f6r\u00f6mmel t\u00f6lt el benn\u00fcnket \u00e9s m\u00e1sokat is<\/strong>. Seg\u00edtenek abban f\u00f6ldi szinten, hogy az \u00edt\u00e9lkez\u00e9s alacsony rezg\u00e9s\u00e9t h\u00e1trahagyjuk \u00e9s egy magasabb,<strong> tiszta, szellemi inform\u00e1ci\u00f3kat k\u00f6zvet\u00edt\u0151 kommunik\u00e1ci\u00f3t tudjuk elsaj\u00e1t\u00edtani.<\/strong> Ez f\u0151leg azok sz\u00e1m\u00e1ra igen fontos, akik tan\u00e1rk\u00e9nt, tan\u00edt\u00f3k\u00e9nt, \u00edr\u00f3k\u00e9n, k\u00f6lt\u0151k\u00e9nt, vezet\u0151k\u00e9nt, sz\u00f3nokk\u00e9nt dolgoznak. Keress\u00fck vel\u00fck a kapcsolatot \u00f6nmagunkban.<\/p>\r\n<p><span style=\"color: #800080\"><strong><a href=\"https:\/\/www.facebook.com\/pages\/Angyalkert\/565476473493507\" target=\"_blank\">Bliss<\/a><\/strong><\/span><\/p>\r\n<p>Szerz\u0151i \u00e9s minden jog fenntartva. V\u00e1ltoztat\u00e1s n\u00e9lk\u00fcl megoszthat\u00f3, minden egy\u00e9b terjeszt\u00e9se enged\u00e9lyk\u00f6teles.<\/p>\r\n<p><span style=\"color: #800080\"><strong><a style=\"color: #800080\" title=\"Angyalkert honlap\" href=\"http:\/\/www.angelfly.hu\" target=\"_blank\">www.angelfly.hu<\/a><\/strong><\/span><\/p>\r\n<p>&nbsp;<\/p>\r\n<p>A cikk illusztr\u00e1l\u00e1s\u00e1hoz a Shutterstock fot\u00f3k\u00f6nyvt\u00e1r jogtiszta f\u00e9nyk\u00e9p\u00e9t haszn\u00e1ltuk.<\/p>","type":"rich"}

Szíriuszi csillaglények

<p><img class="alignleft size-medium wp-image-300" src="https://angyalkert.cafeblog.hu/files/2014/03/szíriuszi-fénylény-225x300.jpg" alt="szíriuszi fénylény" width="225" height="300" />A Szíriusz körgyűrűi harmonikus, az egész Univerzumban hallható gyönyörű hangokat és rezgéseket bocsátanak ki. Nagyon sok más rendszerhez is kapcsolódnak, de többek között a Földhöz is. <strong>Ezek a körgyűrűk úgynevezett tűzkristály csoportok, amelyek spirálos fénynyalábokkal fonódnak össze.</strong> Amikor a szíriuszi kommunikáció aktivizálódik a Föld felé, olyan rezgési minták jönnek létre, amelyek aktivizálják ezeket a körgyűrűket, amelyek csodálatos hangokat bocsátanak ki.<strong> Ezekben a hangrezgésekben információs hologramok találhatóak, amelyeken keresztül a szíriusziak megpróbálnak kommunikálni velünk.</strong> Földi viszonylatban a legjobb példa a műholdak, tévék működése, ehhez hasonló elven működik ez a kommunikációs forrás.</p>
<p>A szíriuszon sok intelligens csillaglény él, s ők a kommunikáció területén "dolgoznak". <strong>Az univerzum rácsmezőit és "útjait" figyelik, s ebbe a közös kommunikációs térbe igyekszenek a Földet is bekapcsolni.</strong> Ehhez gyakran küldenek számunkra telepatikus üzeneteket, s ez a folyamat olyan impulzusokat adnak le, amelyeket a belső füllel vagyunk képesek érzékelni, magas rezgésű frekvencián. Tulajdonképpen egy hangsor, amit a belső hallásunk segítségével hallunk meg, és ezt gyakran követi nyomás a fülek területén.<strong> Ha nyitottak vagyunk ezekre az információkra, akkor vagy rögtön az átadás pillanatában megértjük ezeket, vagy pedig későbbi, egy megfelelő időpontban bukkan fel a tudatunkban.</strong> De ez nem a fülzúgás állapota, attól nagyon jól el lehet különíteni ezt az érzést.</p>
<p><img class="alignright size-medium wp-image-296" src="https://angyalkert.cafeblog.hu/files/2014/03/szíriusz-érintés-300x150.jpg" alt="szíriusz érintés" width="300" height="150" />A szíriuszi csillaglényeknek fontos a szerepük a fejlődési folyamatok ellenőrzésében, így mindent elkövetnek, hogy kapcsolatba lépjenek velünk és segítsenek bennünket a fejlődés, változás útján. <strong>Mindannyiunkhoz próbálnak szólni, nincsenek fontosabb, vagy kevésbé fontos emberek a számukra</strong>, az ő szempontjukból mind egyenlőek vagyunk. De az előfordul, hogy némelyek nyitottabbak rájuk, ez mind azon múlik, hogy mennyire tudjuk megemelni a rezgésünket. S ha a hétköznapok során tudjuk is tartani ezt az emelkedett rezgést, és folyamatosan földeljük magunkat, akkor ezeket az információkat könnyebben át tudjuk hozni a fizikai síkra.</p>
<p>Ha az emelkedett kommunikáción szeretnénk dolgozni, vegyük fel a kapcsolatot ezekkel a fénylényekkel, és <strong>segítenek minket ráhangolódni egy olyan Égi kommunikációra, ami a fény táplálja, ami lelkesít és ami örömmel tölt el bennünket és másokat is</strong>. Segítenek abban földi szinten, hogy az ítélkezés alacsony rezgését hátrahagyjuk és egy magasabb,<strong> tiszta, szellemi információkat közvetítő kommunikációt tudjuk elsajátítani.</strong> Ez főleg azok számára igen fontos, akik tanárként, tanítóként, írókén, költőként, vezetőként, szónokként dolgoznak. Keressük velük a kapcsolatot önmagunkban.</p>
<p><span style="color: #800080"><strong><a href="https://www.facebook.com/pages/Angyalkert/565476473493507" target="_blank">Bliss</a></strong></span></p>
<p>Szerzői és minden jog fenntartva. Változtatás nélkül megosztható, minden egyéb terjesztése engedélyköteles.</p>
<p><span style="color: #800080"><strong><a style="color: #800080" title="Angyalkert honlap" href="http://www.angelfly.hu" target="_blank">www.angelfly.hu</a></strong></span></p>
<p>&nbsp;</p>
<p>A cikk illusztrálásához a Shutterstock fotókönyvtár jogtiszta fényképét használtuk.</p>
